digit of d?
6
Let w(l) = -l**3 + 10*l**2 + l + 20. Let f be w(9). Let j = -68 + f. What is the units digit of j?
2
Suppose -l - 3*l - 5*u = -32, -20 = -4*l - 2*u. Let f(x) = 40*x - 1. What is the hundreds digit of f(l)?
1
Suppose 0 = -14*j + 1196 + 2962. What is the units digit of j?
7
Let v = -18 - -21. Suppose g = -v*g + 8. Suppose r + 18 = g*r. What is the units digit of r?
8
Suppose 25608 = 15*m + 228. What is the tens digit of m?
9
Suppose 818 = -4*o - 174. Let z = o + 368. What is the units digit of z?
0
Let q be (5 - -1) + (1 - 4). Suppose 5*i - q*s + 6 = s, -i - 4*s = -18. Suppose 0 = -i*b + 14 + 46. What is the units digit of b?
0
Let v = 2 - -135. Let t = v + -10. What is the hundreds digit of t?
1
Let o be (-6)/(-4) + (-90)/12. Let j(a) = -14*a - 22. What is the tens digit of j(o)?
6
Let z(t) = 7*t**3 - 2*t**2 + t + 2. Let g be z(-1). What is the tens digit of (2/2)/(g/(-3632)*2)?
2
Let a(h) = h**3 - 10*h**2 + 8. Let n be a(10). Suppose -n*d + 3*d + 4*i - 2 = 0, -4*d + 4*i = 0. What is the units digit of d/5 - 848/(-20)?
2
Let d = 20 + -17. Suppose 2*g - 93 = -x - 21, 2*g + 192 = d*x. What is the tens digit of x?
6
Suppose -71*o - 9860 = -105*o. What is the tens digit of o?
9
Let g(t) = -532*t - 263. What is the hundreds digit of g(-4)?
8
Let n(c) = -9*c**2 - c + 2. Let y = 1 + 0. Let g be n(y). What is the units digit of g/28 - 256/(-14)?
8
Let h(u) = 12*u**3 + 3*u**2 - 4*u + 4. What is the units digit of h(2)?
4
Suppose 11*z - 2*z - 9 = 0. What is the tens digit of (56 - -11)*z/(2/2)?
6
Suppose -4*a = -5 + 21. Let m(q) = -q - 2. Let g be m(a). Suppose -g*v - d + 6 = -15, -d = 1. What is the tens digit of v?
1
Let y = 24 + -25. What is the tens digit of y/3 + (-408)/(-9)?
4
Suppose 7*h - 98 = -2*i + 9*h, -4*h - 58 = -i. What is the units digit of i?
6
Suppose m = 4*y + 6*m - 12, 5*y - 5*m - 15 = 0. Suppose -3*w + 265 = 4*s, -w = -y*s - 101 + 303. What is the tens digit of s?
6
Let o = 227 - -101. What is the tens digit of o?
2
Suppose -s - 3265 - 2481 = -5*y, 3*y = -4*s + 3443. What is the units digit of y?
9
Suppose 2*u + 2*u = 8, -u = -m - 2. Suppose m = -4*r + 296 - 12. What is the units digit of r/1 - 0/(-11)?
1
Suppose -3*q = -6*q + 45. Suppose 0 = 5*h + 4*n - q, 2*h - 7*n = -3*n + 34. Suppose 3*x + 16 = h*x. What is the units digit of x?
4
Suppose -4*l + 4*j = -2452, -8*l - 4*j + 593 = -7*l. What is the units digit of l?
9
Let q(p) = p**3 + 9*p**2 - 16*p + 9. Let a = -181 + 172. What is the tens digit of q(a)?
5
Suppose -255*k + 260*k - 2100 = 0. What is the hundreds digit of k?
4
Let w(i) = -2*i**2 + 7*i - 4. Let z be w(4). What is the units digit of (6 + 1)*(13 + z)?
5
Suppose 1335 = 9*n - 13893. What is the thousands digit of n?
1
Let q = 1078 - -2780. What is the thousands digit of q?
3
What is the units digit of (-13)/(-2)*(54 + -42)?
8
Suppose 0*w - 15 = 3*w. Let v(d) = -20*d - 4. What is the units digit of v(w)?
6
Let z be (-11)/(-3 - (-3 - -1)). Let j(q) = q**3 - 11*q**2 + 8*q - 7. What is the units digit of j(z)?
1
Suppose -g + 70 = -6*g. Let l be (-93)/7 - g/49. Let d = 6 - l. What is the units digit of d?
9
Suppose 37 - 1 = -3*g. Let z = -9 - g. What is the tens digit of -3 + z + 32 - 3?
2
Let y(l) = -l - 4. Let u be y(-6). Suppose -u*h = -4*d + 160, 0*h + 4*h = 3*d - 110. Let f = -12 + d. What is the tens digit of f?
3
Suppose -5*k = -11 - 9. Suppose k - 12 = -4*y. Suppose -18 = -y*z + 2. What is the units digit of z?
0
Suppose 2*i + 4*w - 1651 + 587 = 0, 4*i - 5*w - 2167 = 0. What is the hundreds digit of i?
5
Let b = 290 - 128. What is the tens digit of b?
6
What is the units digit of 0 + -2 + (1 - -1) + 448?
8
Let k(s) = s**3 + 12*s**2 + 7*s - 12. Let r be k(-5). Suppose -2*m + 92 = -5*o, 0*m + 5*o + r = 3*m. Suppose -4*d = -5*d + m. What is the units digit of d?
6
Let b(f) = f + 9. Let p be b(15). Let l = p - -53. What is the units digit of l?
7
Suppose -7*w - 168 = -y - 3*w, -325 = -2*y - 3*w. What is the tens digit of y?
6
Let y(t) = t**3 - 18*t**2 + 27*t + 67. What is the units digit of y(23)?
3
Let a(q) be the second derivative of 5*q**3/6 + 65*q**2/2 - 12*q. What is the tens digit of a(26)?
9
Suppose 0 = -4*c + 2*c + 8. Suppose c*n - 3*s = 11, 5*s + 13 = -0*n + 4*n. Suppose -41 = -3*k - 2*y, n*k = -k - 4*y + 31. What is the units digit of k?
7
Suppose 3*d + 5*y - 9 - 2 = 0, -4*d = 4*y - 12. Suppose -d*a = -6*a + 12. Suppose -q + 68 = a*q. What is the tens digit of q?
1
Suppose -5*w + 1700 = -2*m, w + 3*m - 196 = 127. What is the units digit of w?
8
Suppose -4*y - 40 = y. Let k = y + 6. Let j(p) = -5*p**3 + p**2 - 2*p - 2. What is the tens digit of j(k)?
4
What is the hundreds digit of (-1022)/(-2) + (-27 + 6)/(-7)?
5
Let f = -15 + 11. What is the hundreds digit of 139 + -23 + (-1 - f)?
1
What is the thousands digit of 2/(-8)*-1336*9/2?
1
Suppose -196*x + 200*x - 8812 = 0. What is the units digit of x?
3
Let f(a) = -a**3 + 2*a**2 - 3*a - 4. Let h(g) = -3*g**3 + 3*g**2 - 5*g - 8. Let q(o) = -5*f(o) + 2*h(o). Let k = 275 + -280. What is the units digit of q(k)?
4
Suppose -3*n = -4*w - 151, 43 - 9 = -w + 2*n. Let d = -60 - w. What is the units digit of 5*2/d*-18?
9
Suppose 569 - 89 = 3*n. Suppose n = p + 3*p. What is the tens digit of p?
4
What is the hundreds digit of (944/(-12))/(4/(-6))?
1
Let r be (-4)/2 + -7 + 7. Let i be r/1*(3 + -1). What is the units digit of 5/2*(-8)/i?
5
What is the units digit of (-6)/(-2) - (-344 + -31)?
8
Suppose -20*n - 267 = -21*n. Suppose -2*j = -6*j - 2*i + 1026, -j = 4*i - n. What is the tens digit of j?
5
Let p(a) = 19*a**2 + 4. Let b be p(-2). Suppose 3*o + o = -b. Let m = o + 35. What is the units digit of m?
5
Let g(d) = -7*d**2 + 14 + 16*d - 7 + 3 + d**3. What is the tens digit of g(6)?
7
Let w be 11 - 1 - 18/(-6). Suppose -5*q - 103 = -w. Let u = 3 - q. What is the units digit of u?
1
Suppose 0 = s - 0*s. Suppose 5*t - 3*a - 16 = s, 8 = 2*t - a - a. Suppose t*d = -4*d + 258. What is the units digit of d?
3
What is the hundreds digit of (4 - (-84)/(-12)) + 3093?
0
Suppose -3*t - 5*q = -131 - 7, t - 5*q - 66 = 0. Let p be (-3 + t/15)*5. Suppose p*f - i = 132 - 7, -f + 61 = i. What is the units digit of f?
2
Let b(i) = -i + 223. Suppose 0 = x + x + 3*x. What is the tens digit of b(x)?
2
Suppose 4*j + 3*j - 378 = 0. What is the units digit of j?
4
Let h = -83 - -9. Let d = -15 - h. What is the tens digit of d?
5
Let n = 1687 + -1164. What is the units digit of n?
3
Let n = -25 + 38. Let a = n - -85. What is the units digit of a?
8
What is the units digit of 4/((-8)/10) + (-120)/(-6)?
5
Let a(w) be the second derivative of 2*w**3/3 + 33*w**2/2 - 13*w. What is the tens digit of a(0)?
3
What is the tens digit of 147/245 - 16802/(-5)?
6
Let w be (3/((-36)/(-8))*-369)/(-1). Suppose 4*p - w - 126 = 0. What is the units digit of p?
3
Let r(g) be the first derivative of 5*g**2/2 - 1. Suppose 4 = 2*l - 4. What is the tens digit of r(l)?
2
Let v(p) be the third derivative of p**5/30 + p**3/6 + 24*p**2. Let n = 1 + 1. What is the units digit of v(n)?
9
Suppose -c + i = -239, 3*i + 2*i - 499 = -2*c. Let z = -156 + c. What is the tens digit of z?
8
Let h(l) be the second derivative of l**5/20 + l**3/3 + 107*l**2 - 31*l. What is the hundreds digit of h(0)?
2
Let m = -896 - -1614. What is the tens digit of m?
1
Let n = -3812 + 5340. What is the hundreds digit of n?
5
Let v(i) = -37*i**3 + 3*i**2 - 2. Let y = -15 + 14. What is the units digit of v(y)?
8
Let n(s) be the first derivative of 7*s**3 - 7*s**2/2 + 4*s - 13. What is the units digit of n(2)?
4
Let x be -5 + -4 + -9 - 2*-1. Let v(h) = 3*h + 52. What is the units digit of v(x)?
4
Suppose 26*x - 1554 = 24*x. What is the hundreds digit of x?
7
Let b(d) be the first derivative of -16*d**2 + d - 2. Let p be -4 + (-1 - 0 - -4). What is the tens digit of b(p)?
3
Suppose g - 1 - 1 = 0. Suppose -195 = -4*k + 5*v, -4*v + 63 + 67 = g*k. What is the tens digit of k?
5
Suppose 151294 = -22*s + 68*s. What is the thousands digit of s?
3
Suppose 321*s = 331*s - 17580. What is the units digit of s?
8
Suppose 5*u - 3*v - 776 = 0, 3*u + 3*v - 7*v - 459 = 0. Suppose -2*d + 75 - 19 = h, -3*h = -5*d - u. What is the tens digit of h?
5
Suppose 0*z + 20 = 2*z. Suppose 0 = 5*d + 5*l - z, 2*l + 4 = 2*d - 0. Suppose 4*v - 100 = -y, 3*v - d*v - 25 = 3*y